{"id":733,"date":"2024-09-03T00:18:50","date_gmt":"2024-09-02T22:18:50","guid":{"rendered":"https:\/\/www.japonaisamontpellier.fr\/?post_type=tribe_events&#038;p=733"},"modified":"2024-09-07T03:46:10","modified_gmt":"2024-09-07T01:46:10","slug":"antigone-des-associations","status":"publish","type":"tribe_events","link":"https:\/\/www.japonaisamontpellier.fr\/index.php\/event\/antigone-des-associations\/","title":{"rendered":"Antigone des Associations"},"content":{"rendered":"\t\t<div data-elementor-type=\"tec_event_single_static\" data-elementor-id=\"733\" class=\"elementor elementor-733\" data-elementor-post-type=\"tribe_events\">\n\t\t\t\t<div class=\"elementor-element elementor-element-8108a49 e-flex e-con-boxed e-con e-parent\" data-id=\"8108a49\" data-element_type=\"container\">\n\t\t\t\t\t<div class=\"e-con-inner\">\n\t\t<div class=\"elementor-element elementor-element-abcd44c e-con-full e-flex e-con e-child\" data-id=\"abcd44c\" data-element_type=\"container\">\n\t\t\t\t<div class=\"elementor-element elementor-element-1ff7b92 elementor-widget elementor-widget-tec_events_elementor_widget_event_title\" data-id=\"1ff7b92\" data-element_type=\"widget\" data-widget_type=\"tec_events_elementor_widget_event_title.default\">\n\t\t\t\t<div class=\"elementor-widget-container\">\n\t\t\t\t\t<h1  class=\"tec-events-elementor-event-widget__title\" >\n\tAntigone des Associations<\/h1>\t\t\t\t<\/div>\n\t\t\t\t<\/div>\n\t\t\t\t<\/div>\n\t\t\t\t\t<\/div>\n\t\t\t\t<\/div>\n\t\t<div class=\"elementor-element elementor-element-bdabab9 e-flex e-con-boxed e-con e-parent\" data-id=\"bdabab9\" data-element_type=\"container\">\n\t\t\t\t\t<div class=\"e-con-inner\">\n\t\t<div class=\"elementor-element elementor-element-22a4f30 e-con-full e-flex e-con e-child\" data-id=\"22a4f30\" data-element_type=\"container\">\n\t\t\t\t<div class=\"elementor-element elementor-element-0ddebcd elementor-widget elementor-widget-heading\" data-id=\"0ddebcd\" data-element_type=\"widget\" data-widget_type=\"heading.default\">\n\t\t\t\t<div class=\"elementor-widget-container\">\n\t\t\t\t\t<h2 class=\"elementor-heading-title elementor-size-default\">Le 8 septembre 2024 de 9h30 \u00e0 17h<\/h2>\t\t\t\t<\/div>\n\t\t\t\t<\/div>\n\t\t\t\t<\/div>\n\t\t\t\t\t<\/div>\n\t\t\t\t<\/div>\n\t\t<div class=\"elementor-element elementor-element-eac3ab6 e-flex e-con-boxed e-con e-parent\" data-id=\"eac3ab6\" data-element_type=\"container\">\n\t\t\t\t\t<div class=\"e-con-inner\">\n\t\t<div class=\"elementor-element elementor-element-df4438c e-con-full e-flex e-con e-child\" data-id=\"df4438c\" data-element_type=\"container\">\n\t\t\t\t<\/div>\n\t\t<div class=\"elementor-element elementor-element-9c8c44d e-con-full e-flex e-con e-child\" data-id=\"9c8c44d\" data-element_type=\"container\">\n\t\t\t\t<div class=\"elementor-element elementor-element-39b1e9c8 elementor-widget elementor-widget-text-editor\" data-id=\"39b1e9c8\" data-element_type=\"widget\" data-widget_type=\"text-editor.default\">\n\t\t\t\t<div class=\"elementor-widget-container\">\n\t\t\t\t\t\t\t\t\t<p><span style=\"font-weight: 400;\">Tous les ans, le 2\u00e8me dimanche du mois de septembre se tient la c\u00e9l\u00e8bre Foire des Associations de Montpellier. Cet \u00e9v\u00e9nement de grande envergure qui annonce la rentr\u00e9e permet aux associations &#8211; toutes activit\u00e9s confondues &#8211; de venir pr\u00e9senter leur activit\u00e9.\u00a0<\/span><\/p><p><span style=\"font-weight: 400;\">Nous aurons notre stand, o\u00f9 nous avons h\u00e2te de vous accueillir et rencontrer.\u00a0<\/span><\/p><p>Venez nombreux !<\/p><p><a href=\"https:\/\/www.montpellier.fr\/264-antigone-des-associations.htm\" target=\"_blank\" rel=\"nofollow noopener\"><span style=\"text-decoration: underline;\">Aller sur le site de l&rsquo;Antigone des Associations<\/span><\/a><\/p>\t\t\t\t\t\t\t\t<\/div>\n\t\t\t\t<\/div>\n\t\t\t\t<\/div>\n\t\t\t\t\t<\/div>\n\t\t\t\t<\/div>\n\t\t\t\t<\/div>\n\t\t","protected":false},"excerpt":{"rendered":"<p>Venez nous voir \u00e0 la Foire des Associations, nous aurons un stand pour pr\u00e9senter les activit\u00e9s de notre association ! Un RDV unique \u00e0 ne pas manquer !<\/p>\n","protected":false},"author":1,"featured_media":0,"template":"","meta":{"_price":"","_stock":"","_tribe_ticket_header":"","_tribe_default_ticket_provider":"","_tribe_ticket_capacity":"0","_ticket_start_date":"","_ticket_end_date":"","_tribe_ticket_show_description":"","_tribe_ticket_show_not_going":false,"_tribe_ticket_use_global_stock":"","_tribe_ticket_global_stock_level":"","_global_stock_mode":"","_global_stock_cap":"","_tribe_rsvp_for_event":"","_tribe_ticket_going_count":"","_tribe_ticket_not_going_count":"","_tribe_tickets_list":"[]","_tribe_ticket_has_attendee_info_fields":false,"_tribe_events_status":"","_tribe_events_status_reason":"","footnotes":"","_tec_slr_enabled":"","_tec_slr_layout":""},"tags":[],"tribe_events_cat":[10,15],"class_list":["post-733","tribe_events","type-tribe_events","status-publish","hentry","tribe_events_cat-asso","tribe_events_cat-asso_fr","cat_asso","cat_asso_fr"],"ticketed":false,"_links":{"self":[{"href":"https:\/\/www.japonaisamontpellier.fr\/index.php\/wp-json\/wp\/v2\/tribe_events\/733","targetHints":{"allow":["GET"]}}],"collection":[{"href":"https:\/\/www.japonaisamontpellier.fr\/index.php\/wp-json\/wp\/v2\/tribe_events"}],"about":[{"href":"https:\/\/www.japonaisamontpellier.fr\/index.php\/wp-json\/wp\/v2\/types\/tribe_events"}],"author":[{"embeddable":true,"href":"https:\/\/www.japonaisamontpellier.fr\/index.php\/wp-json\/wp\/v2\/users\/1"}],"version-history":[{"count":30,"href":"https:\/\/www.japonaisamontpellier.fr\/index.php\/wp-json\/wp\/v2\/tribe_events\/733\/revisions"}],"predecessor-version":[{"id":2628,"href":"https:\/\/www.japonaisamontpellier.fr\/index.php\/wp-json\/wp\/v2\/tribe_events\/733\/revisions\/2628"}],"wp:attachment":[{"href":"https:\/\/www.japonaisamontpellier.fr\/index.php\/wp-json\/wp\/v2\/media?parent=733"}],"wp:term":[{"taxonomy":"post_tag","embeddable":true,"href":"https:\/\/www.japonaisamontpellier.fr\/index.php\/wp-json\/wp\/v2\/tags?post=733"},{"taxonomy":"tribe_events_cat","embeddable":true,"href":"https:\/\/www.japonaisamontpellier.fr\/index.php\/wp-json\/wp\/v2\/tribe_events_cat?post=733"}],"curies":[{"name":"wp","href":"https:\/\/api.w.org\/{rel}","templated":true}]}}

<div data-elementor-type="tec_event_single_static" data-elementor-id="733" class="elementor elementor-733" data-elementor-post-type="tribe_events">
				<div class="elementor-element elementor-element-8108a49 e-flex e-con-boxed e-con e-parent" data-id="8108a49" data-element_type="container">
					<div class="e-con-inner">
		<div class="elementor-element elementor-element-abcd44c e-con-full e-flex e-con e-child" data-id="abcd44c" data-element_type="container">
				<div class="elementor-element elementor-element-1ff7b92 elementor-widget elementor-widget-tec_events_elementor_widget_event_title" data-id="1ff7b92" data-element_type="widget" data-widget_type="tec_events_elementor_widget_event_title.default">
				<div class="elementor-widget-container">
					<h1  class="tec-events-elementor-event-widget__title" >
	Antigone des Associations</h1>				</div>
				</div>
				</div>
					</div>
				</div>
		<div class="elementor-element elementor-element-bdabab9 e-flex e-con-boxed e-con e-parent" data-id="bdabab9" data-element_type="container">
					<div class="e-con-inner">
		<div class="elementor-element elementor-element-22a4f30 e-con-full e-flex e-con e-child" data-id="22a4f30" data-element_type="container">
				<div class="elementor-element elementor-element-0ddebcd elementor-widget elementor-widget-heading" data-id="0ddebcd" data-element_type="widget" data-widget_type="heading.default">
				<div class="elementor-widget-container">
					<h2 class="elementor-heading-title elementor-size-default">Le 8 septembre 2024 de 9h30 à 17h</h2>				</div>
				</div>
				</div>
					</div>
				</div>
		<div class="elementor-element elementor-element-eac3ab6 e-flex e-con-boxed e-con e-parent" data-id="eac3ab6" data-element_type="container">
					<div class="e-con-inner">
		<div class="elementor-element elementor-element-df4438c e-con-full e-flex e-con e-child" data-id="df4438c" data-element_type="container">
				</div>
		<div class="elementor-element elementor-element-9c8c44d e-con-full e-flex e-con e-child" data-id="9c8c44d" data-element_type="container">
				<div class="elementor-element elementor-element-39b1e9c8 elementor-widget elementor-widget-text-editor" data-id="39b1e9c8" data-element_type="widget" data-widget_type="text-editor.default">
				<div class="elementor-widget-container">
									<p><span style="font-weight: 400;">Tous les ans, le 2ème dimanche du mois de septembre se tient la célèbre Foire des Associations de Montpellier. Cet événement de grande envergure qui annonce la rentrée permet aux associations &#8211; toutes activités confondues &#8211; de venir présenter leur activité. </span></p><p><span style="font-weight: 400;">Nous aurons notre stand, où nous avons hâte de vous accueillir et rencontrer. </span></p><p>Venez nombreux !</p><p><a href="https://www.montpellier.fr/264-antigone-des-associations.htm" target="_blank" rel="nofollow noopener"><span style="text-decoration: underline;">Aller sur le site de l&rsquo;Antigone des Associations</span></a></p>								</div>
				</div>
				</div>
					</div>
				</div>
				</div>

<p>Venez nous voir à la Foire des Associations, nous aurons un stand pour présenter les activités de notre association ! Un RDV unique à ne pas manquer !</p>
