{"id":3931,"date":"2025-05-25T16:20:17","date_gmt":"2025-05-25T14:20:17","guid":{"rendered":"https:\/\/www.japonaisamontpellier.fr\/?post_type=tribe_events&#038;p=3931"},"modified":"2025-05-25T16:47:01","modified_gmt":"2025-05-25T14:47:01","slug":"journee-dinauguration-25-ans-de-la-maison-des-relations-internationales","status":"publish","type":"tribe_events","link":"https:\/\/www.japonaisamontpellier.fr\/index.php\/event\/journee-dinauguration-25-ans-de-la-maison-des-relations-internationales\/","title":{"rendered":"Journ\u00e9e d&rsquo;inauguration &#8211; 25 ans de la Maison des Relations Internationales"},"content":{"rendered":"\t\t<div data-elementor-type=\"tec_event_single_static\" data-elementor-id=\"3931\" class=\"elementor elementor-3931\" data-elementor-post-type=\"tribe_events\">\n\t\t\t\t<div class=\"elementor-element elementor-element-8108a49 e-flex e-con-boxed e-con e-parent\" data-id=\"8108a49\" data-element_type=\"container\">\n\t\t\t\t\t<div class=\"e-con-inner\">\n\t\t<div class=\"elementor-element elementor-element-abcd44c e-con-full e-flex e-con e-child\" data-id=\"abcd44c\" data-element_type=\"container\">\n\t\t\t\t<div class=\"elementor-element elementor-element-1ff7b92 elementor-widget elementor-widget-tec_events_elementor_widget_event_title\" data-id=\"1ff7b92\" data-element_type=\"widget\" data-widget_type=\"tec_events_elementor_widget_event_title.default\">\n\t\t\t\t<div class=\"elementor-widget-container\">\n\t\t\t\t\t<h1  class=\"tec-events-elementor-event-widget__title\" >\n\tJourn\u00e9e d&rsquo;inauguration &#8211; 25 ans de la Maison des Relations Internationales<\/h1>\t\t\t\t<\/div>\n\t\t\t\t<\/div>\n\t\t\t\t<\/div>\n\t\t\t\t\t<\/div>\n\t\t\t\t<\/div>\n\t\t<div class=\"elementor-element elementor-element-bdabab9 e-flex e-con-boxed e-con e-parent\" data-id=\"bdabab9\" data-element_type=\"container\">\n\t\t\t\t\t<div class=\"e-con-inner\">\n\t\t<div class=\"elementor-element elementor-element-9ab8a48 e-con-full e-flex e-con e-child\" data-id=\"9ab8a48\" data-element_type=\"container\">\n\t\t\t\t<div class=\"elementor-element elementor-element-0ddebcd elementor-widget elementor-widget-heading\" data-id=\"0ddebcd\" data-element_type=\"widget\" data-widget_type=\"heading.default\">\n\t\t\t\t<div class=\"elementor-widget-container\">\n\t\t\t\t\t<h2 class=\"elementor-heading-title elementor-size-default\">Le dimanche 1er juin 2025 de 10h \u00e0 22h<\/h2>\t\t\t\t<\/div>\n\t\t\t\t<\/div>\n\t\t\t\t<\/div>\n\t\t\t\t\t<\/div>\n\t\t\t\t<\/div>\n\t\t<div class=\"elementor-element elementor-element-eac3ab6 e-flex e-con-boxed e-con e-parent\" data-id=\"eac3ab6\" data-element_type=\"container\">\n\t\t\t\t\t<div class=\"e-con-inner\">\n\t\t<div class=\"elementor-element elementor-element-df4438c e-con-full e-flex e-con e-child\" data-id=\"df4438c\" data-element_type=\"container\">\n\t\t\t\t<\/div>\n\t\t<div class=\"elementor-element elementor-element-9c8c44d e-con-full e-flex e-con e-child\" data-id=\"9c8c44d\" data-element_type=\"container\">\n\t\t\t\t<div class=\"elementor-element elementor-element-39b1e9c8 elementor-widget elementor-widget-text-editor\" data-id=\"39b1e9c8\" data-element_type=\"widget\" data-widget_type=\"text-editor.default\">\n\t\t\t\t<div class=\"elementor-widget-container\">\n\t\t\t\t\t\t\t\t\t<p>\ud83c\udf89Maison des Relations Internationales f\u00eate ses 25 ans !\ud83c\udf89<br \/><br \/>\u00c0 cette belle occasion, notre association sera pr\u00e9sente avec un stand gourmand \ud83c\udf59\ud83c\udf75 :<br \/>\ud83d\udc49 Onigiri faits maison<br \/>\ud83d\udc49 Brownies au matcha \u00e0 tomber \ud83d\ude0d<br \/><br \/>\ud83d\udcc5 le dimanche 1er juin 2025 de 10h \u00e0 22h<br \/><br \/>\ud83d\udd59 Accueil du public d\u00e8s 10h<br \/>\ud83d\udd5b Ouverture de stands nourriture \u00e0 12h<br \/><br \/>Mais ce n\u2019est pas tout ! Plongez dans la culture japonaise avec :<br \/>\ud83e\udd4b D\u00e9monstrations d\u2019A\u00efkid\u00f4<br \/>\ud83e\udd41 Vibrantes performances de Ta\u00efko (tambour japonais)<br \/><br \/>\ud83d\udccd Maison des Relations Internationales Nelson Mandela<br \/>14 Descente en Barrat 34000 Montpellier (Tram 1, 2 et 4 Corum)<\/p>\t\t\t\t\t\t\t\t<\/div>\n\t\t\t\t<\/div>\n\t\t\t\t<\/div>\n\t\t\t\t\t<\/div>\n\t\t\t\t<\/div>\n\t\t\t\t<\/div>\n\t\t","protected":false},"excerpt":{"rendered":"<p>Ev\u00e9nement GRATUIT et ouvert \u00e0 tous ! Festival du 25e anniversaire de la Maison des Relations Internationales Nelson Mandela : Venez c\u00e9l\u00e9brer avec nous \ud83d\ude42<\/p>\n","protected":false},"author":4,"featured_media":0,"template":"","meta":{"_price":"","_stock":"","_tribe_ticket_header":"","_tribe_default_ticket_provider":"","_tribe_ticket_capacity":"0","_ticket_start_date":"","_ticket_end_date":"","_tribe_ticket_show_description":"","_tribe_ticket_show_not_going":false,"_tribe_ticket_use_global_stock":"","_tribe_ticket_global_stock_level":"","_global_stock_mode":"","_global_stock_cap":"","_tribe_rsvp_for_event":"","_tribe_ticket_going_count":"","_tribe_ticket_not_going_count":"","_tribe_tickets_list":"[]","_tribe_ticket_has_attendee_info_fields":false,"_tribe_events_status":"","_tribe_events_status_reason":"","footnotes":"","_tec_slr_enabled":"","_tec_slr_layout":""},"tags":[],"tribe_events_cat":[10,15],"class_list":["post-3931","tribe_events","type-tribe_events","status-publish","hentry","tribe_events_cat-asso","tribe_events_cat-asso_fr","cat_asso","cat_asso_fr"],"ticketed":false,"_links":{"self":[{"href":"https:\/\/www.japonaisamontpellier.fr\/index.php\/wp-json\/wp\/v2\/tribe_events\/3931","targetHints":{"allow":["GET"]}}],"collection":[{"href":"https:\/\/www.japonaisamontpellier.fr\/index.php\/wp-json\/wp\/v2\/tribe_events"}],"about":[{"href":"https:\/\/www.japonaisamontpellier.fr\/index.php\/wp-json\/wp\/v2\/types\/tribe_events"}],"author":[{"embeddable":true,"href":"https:\/\/www.japonaisamontpellier.fr\/index.php\/wp-json\/wp\/v2\/users\/4"}],"version-history":[{"count":7,"href":"https:\/\/www.japonaisamontpellier.fr\/index.php\/wp-json\/wp\/v2\/tribe_events\/3931\/revisions"}],"predecessor-version":[{"id":3938,"href":"https:\/\/www.japonaisamontpellier.fr\/index.php\/wp-json\/wp\/v2\/tribe_events\/3931\/revisions\/3938"}],"wp:attachment":[{"href":"https:\/\/www.japonaisamontpellier.fr\/index.php\/wp-json\/wp\/v2\/media?parent=3931"}],"wp:term":[{"taxonomy":"post_tag","embeddable":true,"href":"https:\/\/www.japonaisamontpellier.fr\/index.php\/wp-json\/wp\/v2\/tags?post=3931"},{"taxonomy":"tribe_events_cat","embeddable":true,"href":"https:\/\/www.japonaisamontpellier.fr\/index.php\/wp-json\/wp\/v2\/tribe_events_cat?post=3931"}],"curies":[{"name":"wp","href":"https:\/\/api.w.org\/{rel}","templated":true}]}}

Journée d&rsquo;inauguration &#8211; 25 ans de la Maison des Relations Internationales

<div data-elementor-type="tec_event_single_static" data-elementor-id="3931" class="elementor elementor-3931" data-elementor-post-type="tribe_events">
				<div class="elementor-element elementor-element-8108a49 e-flex e-con-boxed e-con e-parent" data-id="8108a49" data-element_type="container">
					<div class="e-con-inner">
		<div class="elementor-element elementor-element-abcd44c e-con-full e-flex e-con e-child" data-id="abcd44c" data-element_type="container">
				<div class="elementor-element elementor-element-1ff7b92 elementor-widget elementor-widget-tec_events_elementor_widget_event_title" data-id="1ff7b92" data-element_type="widget" data-widget_type="tec_events_elementor_widget_event_title.default">
				<div class="elementor-widget-container">
					<h1  class="tec-events-elementor-event-widget__title" >
	Journée d&rsquo;inauguration &#8211; 25 ans de la Maison des Relations Internationales</h1>				</div>
				</div>
				</div>
					</div>
				</div>
		<div class="elementor-element elementor-element-bdabab9 e-flex e-con-boxed e-con e-parent" data-id="bdabab9" data-element_type="container">
					<div class="e-con-inner">
		<div class="elementor-element elementor-element-9ab8a48 e-con-full e-flex e-con e-child" data-id="9ab8a48" data-element_type="container">
				<div class="elementor-element elementor-element-0ddebcd elementor-widget elementor-widget-heading" data-id="0ddebcd" data-element_type="widget" data-widget_type="heading.default">
				<div class="elementor-widget-container">
					<h2 class="elementor-heading-title elementor-size-default">Le dimanche 1er juin 2025 de 10h à 22h</h2>				</div>
				</div>
				</div>
					</div>
				</div>
		<div class="elementor-element elementor-element-eac3ab6 e-flex e-con-boxed e-con e-parent" data-id="eac3ab6" data-element_type="container">
					<div class="e-con-inner">
		<div class="elementor-element elementor-element-df4438c e-con-full e-flex e-con e-child" data-id="df4438c" data-element_type="container">
				</div>
		<div class="elementor-element elementor-element-9c8c44d e-con-full e-flex e-con e-child" data-id="9c8c44d" data-element_type="container">
				<div class="elementor-element elementor-element-39b1e9c8 elementor-widget elementor-widget-text-editor" data-id="39b1e9c8" data-element_type="widget" data-widget_type="text-editor.default">
				<div class="elementor-widget-container">
									<p>🎉Maison des Relations Internationales fête ses 25 ans !🎉<br /><br />À cette belle occasion, notre association sera présente avec un stand gourmand 🍙🍵 :<br />👉 Onigiri faits maison<br />👉 Brownies au matcha à tomber 😍<br /><br />📅 le dimanche 1er juin 2025 de 10h à 22h<br /><br />🕙 Accueil du public dès 10h<br />🕛 Ouverture de stands nourriture à 12h<br /><br />Mais ce n’est pas tout ! Plongez dans la culture japonaise avec :<br />🥋 Démonstrations d’Aïkidô<br />🥁 Vibrantes performances de Taïko (tambour japonais)<br /><br />📍 Maison des Relations Internationales Nelson Mandela<br />14 Descente en Barrat 34000 Montpellier (Tram 1, 2 et 4 Corum)</p>								</div>
				</div>
				</div>
					</div>
				</div>
				</div>

<p>Evénement GRATUIT et ouvert à tous ! Festival du 25e anniversaire de la Maison des Relations Internationales Nelson Mandela : Venez célébrer avec nous 🙂</p>
