{"id":3923,"date":"2025-05-25T12:06:40","date_gmt":"2025-05-25T10:06:40","guid":{"rendered":"https:\/\/www.japonaisamontpellier.fr\/?post_type=tribe_events&#038;p=3923"},"modified":"2026-04-27T17:55:23","modified_gmt":"2026-04-27T15:55:23","slug":"rencontre-apero2026","status":"publish","type":"tribe_events","link":"https:\/\/www.japonaisamontpellier.fr\/index.php\/event\/rencontre-apero2026\/","title":{"rendered":"Ap\u00e9ro de fin de saison \/ Assembl\u00e9e G\u00e9n\u00e9rale 2026"},"content":{"rendered":"\t\t<div data-elementor-type=\"tec_event_single_static\" data-elementor-id=\"3923\" class=\"elementor elementor-3923\" data-elementor-post-type=\"tribe_events\">\n\t\t\t\t<div class=\"elementor-element elementor-element-8108a49 e-flex e-con-boxed e-con e-parent\" data-id=\"8108a49\" data-element_type=\"container\">\n\t\t\t\t\t<div class=\"e-con-inner\">\n\t\t<div class=\"elementor-element elementor-element-abcd44c e-con-full e-flex e-con e-child\" data-id=\"abcd44c\" data-element_type=\"container\">\n\t\t\t\t<div class=\"elementor-element elementor-element-1ff7b92 elementor-widget elementor-widget-tec_events_elementor_widget_event_title\" data-id=\"1ff7b92\" data-element_type=\"widget\" data-widget_type=\"tec_events_elementor_widget_event_title.default\">\n\t\t\t\t<div class=\"elementor-widget-container\">\n\t\t\t\t\t<h1  class=\"tec-events-elementor-event-widget__title\" >\n\tAp\u00e9ro de fin de saison \/ Assembl\u00e9e G\u00e9n\u00e9rale 2026<\/h1>\t\t\t\t<\/div>\n\t\t\t\t<\/div>\n\t\t\t\t<\/div>\n\t\t\t\t\t<\/div>\n\t\t\t\t<\/div>\n\t\t<div class=\"elementor-element elementor-element-bdabab9 e-flex e-con-boxed e-con e-parent\" data-id=\"bdabab9\" data-element_type=\"container\">\n\t\t\t\t\t<div class=\"e-con-inner\">\n\t\t<div class=\"elementor-element elementor-element-9ab8a48 e-con-full e-flex e-con e-child\" data-id=\"9ab8a48\" data-element_type=\"container\">\n\t\t\t\t<div class=\"elementor-element elementor-element-0ddebcd elementor-widget elementor-widget-heading\" data-id=\"0ddebcd\" data-element_type=\"widget\" data-widget_type=\"heading.default\">\n\t\t\t\t<div class=\"elementor-widget-container\">\n\t\t\t\t\t<h2 class=\"elementor-heading-title elementor-size-default\">Le vendredi 12 juin 2026 \u00e0 partir de 18h00<\/h2>\t\t\t\t<\/div>\n\t\t\t\t<\/div>\n\t\t\t\t<\/div>\n\t\t\t\t\t<\/div>\n\t\t\t\t<\/div>\n\t\t<div class=\"elementor-element elementor-element-eac3ab6 e-flex e-con-boxed e-con e-parent\" data-id=\"eac3ab6\" data-element_type=\"container\">\n\t\t\t\t\t<div class=\"e-con-inner\">\n\t\t<div class=\"elementor-element elementor-element-df4438c e-con-full e-flex e-con e-child\" data-id=\"df4438c\" data-element_type=\"container\">\n\t\t\t\t<div class=\"elementor-element elementor-element-d3f16b7 elementor-widget elementor-widget-tec_events_elementor_widget_event_image\" data-id=\"d3f16b7\" data-element_type=\"widget\" data-widget_type=\"tec_events_elementor_widget_event_image.default\">\n\t\t\t\t<div class=\"elementor-widget-container\">\n\t\t\t\t\t<div  class=\"tec-events-elementor-event-widget__image\" >\n\t<img fetchpriority=\"high\" decoding=\"async\" width=\"800\" height=\"800\" src=\"https:\/\/www.japonaisamontpellier.fr\/wp-content\/uploads\/2026\/04\/\u65e5\u4ecf\u4ea4\u6d41\u4f1a-1-1024x1024.jpg\" class=\"elementor-image\" alt=\"\" srcset=\"https:\/\/www.japonaisamontpellier.fr\/wp-content\/uploads\/2026\/04\/\u65e5\u4ecf\u4ea4\u6d41\u4f1a-1-1024x1024.jpg 1024w, https:\/\/www.japonaisamontpellier.fr\/wp-content\/uploads\/2026\/04\/\u65e5\u4ecf\u4ea4\u6d41\u4f1a-1-300x300.jpg 300w, https:\/\/www.japonaisamontpellier.fr\/wp-content\/uploads\/2026\/04\/\u65e5\u4ecf\u4ea4\u6d41\u4f1a-1-150x150.jpg 150w, https:\/\/www.japonaisamontpellier.fr\/wp-content\/uploads\/2026\/04\/\u65e5\u4ecf\u4ea4\u6d41\u4f1a-1-768x768.jpg 768w, https:\/\/www.japonaisamontpellier.fr\/wp-content\/uploads\/2026\/04\/\u65e5\u4ecf\u4ea4\u6d41\u4f1a-1.jpg 1080w\" sizes=\"(max-width: 800px) 100vw, 800px\" \/><\/div>\n\t\t\t\t<\/div>\n\t\t\t\t<\/div>\n\t\t\t\t<\/div>\n\t\t<div class=\"elementor-element elementor-element-9c8c44d e-con-full e-flex e-con e-child\" data-id=\"9c8c44d\" data-element_type=\"container\">\n\t\t\t\t<div class=\"elementor-element elementor-element-39b1e9c8 elementor-widget elementor-widget-text-editor\" data-id=\"39b1e9c8\" data-element_type=\"widget\" data-widget_type=\"text-editor.default\">\n\t\t\t\t<div class=\"elementor-widget-container\">\n\t\t\t\t\t\t\t\t\t<p><img decoding=\"async\" class=\"emoji\" role=\"img\" draggable=\"false\" src=\"https:\/\/s.w.org\/images\/core\/emoji\/17.0.2\/svg\/26a0.svg\" alt=\"\u26a0\ufe0f\" \/><strong>R\u00e9serv\u00e9 aux adh\u00e9rent(e)s<\/strong><\/p><p>\ud83c\udf89 Ap\u00e9ro de fin de saison &amp; Assembl\u00e9e G\u00e9n\u00e9rale \ud83c\udf89<\/p><p>Chers membres,<br \/>Rejoignez-nous pour une soir\u00e9e conviviale afin de cl\u00f4turer ensemble cette belle saison 2025\u20132026 ! \ud83c\udf79\u2728<\/p><p>\ud83d\udcc5 Vendredi 12 juin 2025 \u2013 18h00<br \/>\ud83d\udccd Le Dome<br \/>2 Av. Georges Clemenceau, 34000 Montpellier<br \/>(tram : Saint Denis)<\/p><p>Au programme :<br \/>\ud83d\udd38 Retour sur notre deuxi\u00e8me ann\u00e9e\u00a0<br \/>\ud83d\udd38 Bilan des activit\u00e9s &amp; finances<br \/>\ud83d\udd38 Vos avis &amp; id\u00e9es via un petit questionnaire<br \/>\ud83d\udd38 Un ap\u00e9ro festif accompagn\u00e9 de tapas\ud83e\udd42\ud83c\udf62<\/p><p>\ud83d\udca1 \u00c0 noter :<br \/>\u2013 Entr\u00e9e gratuite, sans inscription pr\u00e9alable<br \/>\u2013 Les boissons sont \u00e0 commander individuellement<\/p><p>Merci \u00e0 vous pour votre fid\u00e9lit\u00e9 et votre \u00e9nergie tout au long de l\u2019ann\u00e9e. On a h\u00e2te de vous retrouver nombreux ! \ud83d\udcab<\/p>\t\t\t\t\t\t\t\t<\/div>\n\t\t\t\t<\/div>\n\t\t\t\t<\/div>\n\t\t\t\t\t<\/div>\n\t\t\t\t<\/div>\n\t\t\t\t<\/div>\n\t\t","protected":false},"excerpt":{"rendered":"<p>Venez rencontrer notre communaut\u00e9 ! Ap\u00e9ro g\u00e9ant avec tous les membres de l&rsquo;association !<\/p>\n","protected":false},"author":4,"featured_media":4659,"template":"","meta":{"_price":"","_stock":"","_tribe_ticket_header":"","_tribe_default_ticket_provider":"","_tribe_ticket_capacity":"0","_ticket_start_date":"","_ticket_end_date":"","_tribe_ticket_show_description":"","_tribe_ticket_show_not_going":false,"_tribe_ticket_use_global_stock":"","_tribe_ticket_global_stock_level":"","_global_stock_mode":"","_global_stock_cap":"","_tribe_rsvp_for_event":"","_tribe_ticket_going_count":"","_tribe_ticket_not_going_count":"","_tribe_tickets_list":"[]","_tribe_ticket_has_attendee_info_fields":false,"_tribe_events_status":"","_tribe_events_status_reason":"","footnotes":"","_tec_slr_enabled":"","_tec_slr_layout":""},"tags":[],"tribe_events_cat":[10,15],"class_list":["post-3923","tribe_events","type-tribe_events","status-publish","has-post-thumbnail","hentry","tribe_events_cat-asso","tribe_events_cat-asso_fr","cat_asso","cat_asso_fr"],"ticketed":false,"_links":{"self":[{"href":"https:\/\/www.japonaisamontpellier.fr\/index.php\/wp-json\/wp\/v2\/tribe_events\/3923","targetHints":{"allow":["GET"]}}],"collection":[{"href":"https:\/\/www.japonaisamontpellier.fr\/index.php\/wp-json\/wp\/v2\/tribe_events"}],"about":[{"href":"https:\/\/www.japonaisamontpellier.fr\/index.php\/wp-json\/wp\/v2\/types\/tribe_events"}],"author":[{"embeddable":true,"href":"https:\/\/www.japonaisamontpellier.fr\/index.php\/wp-json\/wp\/v2\/users\/4"}],"version-history":[{"count":23,"href":"https:\/\/www.japonaisamontpellier.fr\/index.php\/wp-json\/wp\/v2\/tribe_events\/3923\/revisions"}],"predecessor-version":[{"id":4667,"href":"https:\/\/www.japonaisamontpellier.fr\/index.php\/wp-json\/wp\/v2\/tribe_events\/3923\/revisions\/4667"}],"wp:featuredmedia":[{"embeddable":true,"href":"https:\/\/www.japonaisamontpellier.fr\/index.php\/wp-json\/wp\/v2\/media\/4659"}],"wp:attachment":[{"href":"https:\/\/www.japonaisamontpellier.fr\/index.php\/wp-json\/wp\/v2\/media?parent=3923"}],"wp:term":[{"taxonomy":"post_tag","embeddable":true,"href":"https:\/\/www.japonaisamontpellier.fr\/index.php\/wp-json\/wp\/v2\/tags?post=3923"},{"taxonomy":"tribe_events_cat","embeddable":true,"href":"https:\/\/www.japonaisamontpellier.fr\/index.php\/wp-json\/wp\/v2\/tribe_events_cat?post=3923"}],"curies":[{"name":"wp","href":"https:\/\/api.w.org\/{rel}","templated":true}]}}

Apéro de fin de saison / Assemblée Générale 2026

<div data-elementor-type="tec_event_single_static" data-elementor-id="3923" class="elementor elementor-3923" data-elementor-post-type="tribe_events">
				<div class="elementor-element elementor-element-8108a49 e-flex e-con-boxed e-con e-parent" data-id="8108a49" data-element_type="container">
					<div class="e-con-inner">
		<div class="elementor-element elementor-element-abcd44c e-con-full e-flex e-con e-child" data-id="abcd44c" data-element_type="container">
				<div class="elementor-element elementor-element-1ff7b92 elementor-widget elementor-widget-tec_events_elementor_widget_event_title" data-id="1ff7b92" data-element_type="widget" data-widget_type="tec_events_elementor_widget_event_title.default">
				<div class="elementor-widget-container">
					<h1  class="tec-events-elementor-event-widget__title" >
	Apéro de fin de saison / Assemblée Générale 2026</h1>				</div>
				</div>
				</div>
					</div>
				</div>
		<div class="elementor-element elementor-element-bdabab9 e-flex e-con-boxed e-con e-parent" data-id="bdabab9" data-element_type="container">
					<div class="e-con-inner">
		<div class="elementor-element elementor-element-9ab8a48 e-con-full e-flex e-con e-child" data-id="9ab8a48" data-element_type="container">
				<div class="elementor-element elementor-element-0ddebcd elementor-widget elementor-widget-heading" data-id="0ddebcd" data-element_type="widget" data-widget_type="heading.default">
				<div class="elementor-widget-container">
					<h2 class="elementor-heading-title elementor-size-default">Le vendredi 12 juin 2026 à partir de 18h00</h2>				</div>
				</div>
				</div>
					</div>
				</div>
		<div class="elementor-element elementor-element-eac3ab6 e-flex e-con-boxed e-con e-parent" data-id="eac3ab6" data-element_type="container">
					<div class="e-con-inner">
		<div class="elementor-element elementor-element-df4438c e-con-full e-flex e-con e-child" data-id="df4438c" data-element_type="container">
				<div class="elementor-element elementor-element-d3f16b7 elementor-widget elementor-widget-tec_events_elementor_widget_event_image" data-id="d3f16b7" data-element_type="widget" data-widget_type="tec_events_elementor_widget_event_image.default">
				<div class="elementor-widget-container">
					<div  class="tec-events-elementor-event-widget__image" >
	<img fetchpriority="high" decoding="async" width="800" height="800" src="https://www.japonaisamontpellier.fr/wp-content/uploads/2026/04/日仏交流会-1-1024x1024.jpg" class="elementor-image" alt="" srcset="https://www.japonaisamontpellier.fr/wp-content/uploads/2026/04/日仏交流会-1-1024x1024.jpg 1024w, https://www.japonaisamontpellier.fr/wp-content/uploads/2026/04/日仏交流会-1-300x300.jpg 300w, https://www.japonaisamontpellier.fr/wp-content/uploads/2026/04/日仏交流会-1-150x150.jpg 150w, https://www.japonaisamontpellier.fr/wp-content/uploads/2026/04/日仏交流会-1-768x768.jpg 768w, https://www.japonaisamontpellier.fr/wp-content/uploads/2026/04/日仏交流会-1.jpg 1080w" sizes="(max-width: 800px) 100vw, 800px" /></div>
				</div>
				</div>
				</div>
		<div class="elementor-element elementor-element-9c8c44d e-con-full e-flex e-con e-child" data-id="9c8c44d" data-element_type="container">
				<div class="elementor-element elementor-element-39b1e9c8 elementor-widget elementor-widget-text-editor" data-id="39b1e9c8" data-element_type="widget" data-widget_type="text-editor.default">
				<div class="elementor-widget-container">
									<p><img decoding="async" class="emoji" role="img" draggable="false" src="https://s.w.org/images/core/emoji/17.0.2/svg/26a0.svg" alt="⚠️" /><strong>Réservé aux adhérent(e)s</strong></p><p>🎉 Apéro de fin de saison &amp; Assemblée Générale 🎉</p><p>Chers membres,<br />Rejoignez-nous pour une soirée conviviale afin de clôturer ensemble cette belle saison 2025–2026 ! 🍹✨</p><p>📅 Vendredi 12 juin 2025 – 18h00<br />📍 Le Dome<br />2 Av. Georges Clemenceau, 34000 Montpellier<br />(tram : Saint Denis)</p><p>Au programme :<br />🔸 Retour sur notre deuxième année <br />🔸 Bilan des activités &amp; finances<br />🔸 Vos avis &amp; idées via un petit questionnaire<br />🔸 Un apéro festif accompagné de tapas🥂🍢</p><p>💡 À noter :<br />– Entrée gratuite, sans inscription préalable<br />– Les boissons sont à commander individuellement</p><p>Merci à vous pour votre fidélité et votre énergie tout au long de l’année. On a hâte de vous retrouver nombreux ! 💫</p>								</div>
				</div>
				</div>
					</div>
				</div>
				</div>

<p>Venez rencontrer notre communauté ! Apéro géant avec tous les membres de l&rsquo;association !</p>
